he greatest common factor of 64905 and 270?
15
Calculate the greatest common divisor of 8063 and 209.
11
What is the greatest common factor of 160 and 76160?
160
What is the greatest common divisor of 6072 and 7788?
132
Calculate the highest common divisor of 618804 and 63.
9
Calculate the highest common divisor of 35 and 1031996.
7
What is the greatest common divisor of 400 and 8816?
16
What is the highest common divisor of 21216 and 24531?
663
Calculate the highest common divisor of 666 and 469752.
222
What is the highest common factor of 38077 and 3016?
377
What is the highest common factor of 3290 and 348082?
658
Calculate the highest common factor of 195708 and 1128.
564
What is the greatest common factor of 450 and 1550?
50
Calculate the highest common factor of 192395 and 23.
23
Calculate the highest common factor of 19 and 1077.
1
Calculate the highest common divisor of 56 and 136472.
56
Calculate the greatest common divisor of 590 and 12.
2
Calculate the highest common divisor of 2066366 and 87.
29
What is the highest common divisor of 4480 and 63?
7
Calculate the greatest common factor of 143167 and 244.
61
What is the greatest common factor of 230 and 117190?
10
What is the greatest common factor of 336 and 2800?
112
Calculate the highest common divisor of 1080 and 73296.
72
What is the highest common divisor of 4295420 and 30?
10
Calculate the highest common factor of 815429 and 218.
109
Calculate the greatest common factor of 21348 and 8676.
36
What is the highest common divisor of 72935 and 2320?
145
Calculate the highest common factor of 1452 and 748.
44
What is the highest common factor of 21075 and 925?
25
What is the highest common factor of 65145 and 101?
101
Calculate the highest common factor of 962630 and 30.
10
Calculate the greatest common divisor of 2603 and 14098.
19
What is the greatest common factor of 42 and 71544?
6
What is the greatest common factor of 68 and 24293?
17
Calculate the greatest common factor of 523 and 21553876.
523
What is the greatest common divisor of 386854 and 26?
26
Calculate the greatest common factor of 3018818 and 22.
22
What is the greatest common divisor of 12 and 6304?
4
Calculate the highest common divisor of 14597 and 33.
11
What is the greatest common factor of 82 and 20582?
82
What is the highest common factor of 114 and 5985?
57
What is the highest common factor of 20 and 370890?
10
What is the greatest common factor of 6721520 and 4485?
1495
Calculate the greatest common factor of 2344 and 8497.
293
Calculate the highest common divisor of 1112 and 721132.
556
What is the highest common divisor of 640 and 2240?
320
Calculate the greatest common factor of 37 and 150627.
37
What is the greatest common divisor of 22848 and 224196?
1428
Calculate the greatest common divisor of 98125 and 625.
625
What is the greatest common factor of 81 and 41823?
27
What is the highest common factor of 131883 and 9?
3
Calculate the greatest common factor of 300190 and 66.
22
What is the highest common divisor of 15906 and 165?
33
What is the highest common divisor of 4704 and 3072?
96
Calculate the greatest common factor of 18726 and 744.
6
What is the highest common divisor of 1934568 and 72?
72
What is the greatest common factor of 1281 and 50001?
21
Calculate the highest common factor of 18956 and 1120.
28
What is the highest common divisor of 359874 and 18?
18
What is the greatest common divisor of 3680 and 3220?
460
What is the greatest common factor of 57 and 62719?
19
Calculate the greatest common divisor of 60 and 3650.
10
What is the greatest common divisor of 200222 and 627?
209
Calculate the greatest common divisor of 1098 and 26568.
18
What is the highest common factor of 4491 and 46906?
499
What is the highest common divisor of 9674 and 49?
7
Calculate the greatest common divisor of 60 and 2696.
4
Calculate the highest common divisor of 15860 and 2684.
244
What is the greatest common factor of 138 and 25484?
46
Calculate the highest common factor of 1784664 and 24.
24
What is the greatest common divisor of 94984 and 1488?
248
What is the greatest common factor of 38868 and 3318?
474
What is the highest common factor of 27 and 47619?
9
Calculate the greatest common factor of 1691549 and 67.
67
Calculate the highest common factor of 1655069 and 221.
221
What is the highest common factor of 897 and 6864?
39
What is the greatest common divisor of 106 and 1577704?
106
Calculate the highest common factor of 517 and 6281.
11
What is the highest common divisor of 461800 and 200?
200
What is the greatest common factor of 2697 and 249023?
899
What is the highest common factor of 817857 and 46?
23
What is the greatest common factor of 7662 and 630?
6
What is the greatest common factor of 358375 and 500?
125
Calculate the greatest common divisor of 1624 and 30121.
7
Calculate the highest common factor of 98 and 506660.
98
What is the greatest common factor of 107 and 88703?
107
What is the highest common divisor of 58 and 1008185?
29
Calculate the highest common divisor of 18282 and 1716.
66
Calculate the greatest common factor of 360 and 21084.
12
Calculate the greatest common factor of 3165 and 90.
15
Calculate the highest common divisor of 195830 and 40.
10
What is the highest common factor of 225 and 7690?
5
Calculate the highest common divisor of 12149 and 2.
1
Calculate the highest common divisor of 49050 and 300.
150
Calculate the highest common factor of 6533257 and 53.
53
Calculate the highest common divisor of 227041 and 261.
29
Calculate the greatest common factor of 34000 and 800.
400
What is the greatest common factor of 6292 and 1508?
52
Calculate the greatest common factor of 2159388 and 1435.
287
Calculate the highest common divisor of 525 and 341550.
75
What is the greatest common divisor of 576 and 39?
3
What is the highest common factor of 35936 and 160?
32
Calculate the greatest common factor of 1806 and 892680.
258
Calculate the highest common divisor of 3273160 and 40.
40
Calculate the greatest common factor of 21285 and 13145.
55
Calculate the greatest common factor of 333 and 6512.
37
What is the greatest common factor of 119 and 99603?
119
Calculate the highest common divisor of 332 and 16932.
332
What is the highest common divisor of 369737 and 62?
31
What is the highest common factor of 1218792 and 5160?
1032
What is the highest common divisor of 675 and 33975?
225
Calculate the highest common divisor of 3663 and 5439.
111
Calculate the highest common factor of 442 and 34493.
17
Calculate the greatest common divisor of 212 and 58353.
53
What is the highest common factor of 20381 and 916?
229
Calculate the highest common divisor of 29941 and 1027.
79
What is the highest common factor of 243 and 371277?
27
Calculate the highest common divisor of 36 and 399666.
6
What is the highest common divisor of 99 and 3902217?
33
What is the highest common factor of 7344 and 16592?
272
Calculate the greatest common factor of 103138 and 1022.
14
What is the highest common divisor of 154 and 159071?
11
What is the greatest common factor of 208477 and 815?
163
Calculate the highest common divisor of 34880 and 6180.
20
Calculate the highest common divisor of 60 and 21504.
12
Calculate the greatest common factor of 15606 and 54.
54
Calculate the greatest common factor of 845 and 3340.
5
Calculate the greatest common divisor of 464 and 345332.
116
What is the highest common divisor of 1203 and 24?
3
What is the greatest common factor of 175 and 43675?
25
Calculate the greatest common divisor of 272 and 123080.
136
What is the greatest common factor of 29025 and 6665?
215
What is the greatest common divisor of 8692 and 32?
4
Calculate the highest common divisor of 68 and 4947.
17
What is the highest common divisor of 5139880 and 228?
76
Calculate the highest common divisor of 3294 and 5246.
122
Calculate the greatest common divisor of 1416500 and 60.
20
Calculate the highest common divisor of 254372 and 76.
76
Calculate the highest common factor of 45453 and 6213.
327
What is the highest common divisor of 72 and 83628?
36
What is the greatest common factor of 27 and 165267?
27
Calculate the highest common factor of 254 and 81788.
254
What is the greatest common factor of 108598 and 448?
14
C